{"id":1917,"date":"2022-09-20T14:12:36","date_gmt":"2022-09-20T17:12:36","guid":{"rendered":"https:\/\/clinicaeze.com.br\/paciente\/?page_id=1917"},"modified":"2023-10-31T07:50:25","modified_gmt":"2023-10-31T10:50:25","slug":"agendamento","status":"publish","type":"page","link":"https:\/\/clinicaeze.com.br\/paciente\/agendamento\/","title":{"rendered":"Agendamento"},"content":{"rendered":"\t\t<div data-elementor-type=\"wp-page\" data-elementor-id=\"1917\" class=\"elementor elementor-1917\" data-elementor-post-type=\"page\">\n\t\t\t\t\t\t<section class=\"elementor-section elementor-top-section elementor-element elementor-element-b7823fd elementor-section-boxed elementor-section-height-default elementor-section-height-default\" data-id=\"b7823fd\" data-element_type=\"section\" data-settings=\"{&quot;background_background&quot;:&quot;classic&quot;}\">\n\t\t\t\t\t\t\t<div class=\"elementor-background-overlay\"><\/div>\n\t\t\t\t\t\t\t<div class=\"elementor-container elementor-column-gap-no\">\n\t\t\t\t\t<div class=\"elementor-column elementor-col-100 elementor-top-column elementor-element elementor-element-4ad2704\" data-id=\"4ad2704\" data-element_type=\"column\">\n\t\t\t<div class=\"elementor-widget-wrap elementor-element-populated\">\n\t\t\t\t\t\t\t<\/div>\n\t\t<\/div>\n\t\t\t\t\t<\/div>\n\t\t<\/section>\n\t\t\t\t<section class=\"elementor-section elementor-top-section elementor-element elementor-element-2493367 elementor-section-boxed elementor-section-height-default elementor-section-height-default\" data-id=\"2493367\" data-element_type=\"section\">\n\t\t\t\t\t\t<div class=\"elementor-container elementor-column-gap-no\">\n\t\t\t\t\t<div class=\"elementor-column elementor-col-50 elementor-top-column elementor-element elementor-element-755260e\" data-id=\"755260e\" data-element_type=\"column\">\n\t\t\t<div class=\"elementor-widget-wrap elementor-element-populated\">\n\t\t\t\t\t\t<div class=\"elementor-element elementor-element-13aa368 elementor-widget elementor-widget-text-editor\" data-id=\"13aa368\" data-element_type=\"widget\" data-widget_type=\"text-editor.default\">\n\t\t\t\t<div class=\"elementor-widget-container\">\n\t\t\t\t\t\t\t\t\t<p>Nossa cl\u00ednica tem atendimento voltado ao bem estar e conforto dos nossos pacientes. Aqui n\u00f3s priorizamos o contato humanizado desde agendamento at\u00e9 a consulta m\u00e9dica. Al\u00e9m disso, temos a preocupa\u00e7\u00e3o em oferecer o que h\u00e1 de mais atualizado em medicina com constantes atualiza\u00e7\u00f5es em cursos e congressos.<\/p><p>N\u00f3s contamos com uma sala de espera climatizada, m\u00fasica ambiente e muito jardim para tornar o seu atendimento ainda mais agrad\u00e1vel.<\/p>\t\t\t\t\t\t\t\t<\/div>\n\t\t\t\t<\/div>\n\t\t\t\t\t<\/div>\n\t\t<\/div>\n\t\t\t\t<div class=\"elementor-column elementor-col-50 elementor-top-column elementor-element elementor-element-769b887\" data-id=\"769b887\" data-element_type=\"column\">\n\t\t\t<div class=\"elementor-widget-wrap elementor-element-populated\">\n\t\t\t\t\t\t<div class=\"elementor-element elementor-element-1cd4e68 elementor-hidden-desktop elementor-hidden-tablet elementor-hidden-mobile elementor-widget elementor-widget-jet-engine-booking-form\" data-id=\"1cd4e68\" data-element_type=\"widget\" data-widget_type=\"jet-engine-booking-form.default\">\n\t\t\t\t<div class=\"elementor-widget-container\">\n\t\t\t\t\t<form  class=\"jet-form layout-column submit-type-ajax\" action=\"\/paciente\/wp-json\/wp\/v2\/pages\/1917?jet_engine_action=book&#038;nocache=1776764223\" method=\"POST\" data-form-id=\"1940\"><input class=\"jet-form__field hidden-field\" type=\"hidden\" name=\"_jet_engine_booking_form_id\" value=\"1940\" data-field-name=\"_jet_engine_booking_form_id\"><input class=\"jet-form__field hidden-field\" type=\"hidden\" name=\"_jet_engine_refer\" value=\"https:\/\/clinicaeze.com.br\/paciente\/wp-json\/wp\/v2\/pages\/1917\" data-field-name=\"_jet_engine_refer\"><div  class=\"jet-form-row jet-form-row--hidden\"><div class=\"jet-form-col jet-form-col-12  field-type-hidden  jet-form-field-container\" data-field=\"page_id\" data-conditional=\"false\"><input class=\"jet-form__field hidden-field\" type=\"hidden\" name=\"page_id\" value=\"1917\" data-field-name=\"page_id\"><\/div><\/div><div  class=\"jet-form-row jet-form-row--first-visible\"><div class=\"jet-form-col jet-form-col-12  field-type-select  jet-form-field-container\" data-field=\"service_id\" data-conditional=\"false\"><div class=\"jet-form__label\">\n\t<span class=\"jet-form__label-text\" >Profissional<span class=\"jet-form__required\">*<\/span><\/span>\n\t<\/div><select  required=\"required\" name=\"service_id\" data-field-name=\"service_id\" id=\"service_id\" data-default-val=\"\" class=\"jet-form__field select-field\"><option value=\"\" selected>Selecionar profissional...<\/option><option value=\"1941\" >Dra. Maria Eug\u00eania Andr\u00e9 Pedro Romanella<\/option><\/select><\/div><\/div><div  class=\"jet-form-row\"><div class=\"jet-form-col jet-form-col-12  field-type-text  jet-form-field-container\" data-field=\"nome\" data-conditional=\"false\"><div class=\"jet-form__label\">\n\t<span class=\"jet-form__label-text\" >Nome completo<span class=\"jet-form__required\">*<\/span><\/span>\n\t<\/div><input class=\"jet-form__field text-field \" value=\"\" required=\"required\" name=\"nome\" id=\"nome\" type=\"text\" data-field-name=\"nome\"><\/div><\/div><div  class=\"jet-form-row\"><div class=\"jet-form-col jet-form-col-12  field-type-text  jet-form-field-container\" data-field=\"telefone\" data-conditional=\"false\"><div class=\"jet-form__label\">\n\t<span class=\"jet-form__label-text\" >Telefone<span class=\"jet-form__required\">*<\/span><\/span>\n\t<\/div><input class=\"jet-form__field text-field \" value=\"\" required=\"required\" name=\"telefone\" id=\"telefone\" type=\"tel\" data-field-name=\"telefone\"><\/div><\/div><div  class=\"jet-form-row\"><div class=\"jet-form-col jet-form-col-12  field-type-text  jet-form-field-container\" data-field=\"user_email\" data-conditional=\"false\"><div class=\"jet-form__label\">\n\t<span class=\"jet-form__label-text\" >E-mail<span class=\"jet-form__required\">*<\/span><\/span>\n\t<\/div><input class=\"jet-form__field text-field \" value=\"\" required=\"required\" name=\"user_email\" id=\"user_email\" type=\"email\" data-field-name=\"user_email\"><\/div><\/div><div  class=\"jet-form-row\"><div class=\"jet-form-col jet-form-col-12  field-type-appointment_date  jet-form-field-container\" data-field=\"appointment_date\" data-conditional=\"false\"><div class=\"jet-apb-calendar-wrapper\">\n\t<div class=\"appointment-calendar jet-apb-calendar\" data-args=\"{&quot;booking_type&quot;:&quot;slot&quot;,&quot;excludedDates&quot;:[],&quot;datesMode&quot;:&quot;override_full&quot;,&quot;worksDates&quot;:[],&quot;datesRange&quot;:{&quot;start&quot;:0,&quot;end&quot;:0},&quot;availableWeekDays&quot;:[&quot;monday&quot;,&quot;tuesday&quot;,&quot;wednesday&quot;,&quot;thursday&quot;,&quot;friday&quot;],&quot;service&quot;:{&quot;field&quot;:&quot;service_id&quot;},&quot;providerIsset&quot;:false,&quot;provider&quot;:false,&quot;inputName&quot;:&quot;appointment_date&quot;,&quot;isRequired&quot;:true,&quot;allowedServices&quot;:false,&quot;slotAutoCheck&quot;:false}\"><\/div>\n\n\t\t<div class=\"jet-apb-calendar-appointments-list-wrapper\" style=\"display: none\">\n\t\t<div class=\"jet-form__heading\">\n\t\t\t<span class=\"jet-form__label-text\">Appointment details:<\/span>\n\t\t<\/div>\n\t\t<div class=\"jet-apb-calendar-appointments-list\"><\/div>\n\t<\/div>\n\t<div class=\"jet-apb-calendar-notification\" style=\"display: none\">\n\t\t<div class=\"jet-apb-calendar-notification-service\">Please, select the service first.<\/div>\n\t\t<div class=\"jet-apb-calendar-notification-provider\">Please, select the provider first.<\/div>\n\t\t<div class=\"jet-apb-calendar-notification-service-field\">Please set service field for current calendar<\/div>\n\t\t<div class=\"jet-apb-calendar-notification-max-slots\">Sorry. You have the max number of appointments.<\/div>\n\t<\/div>\n<\/div>\n<\/div><\/div><div  class=\"jet-form-row jet-form-row--submit\"><div class=\"jet-form-col jet-form-col-12  field-type-submit  jet-form-field-container\" data-field=\"Submit\" data-conditional=\"false\"><div class=\"jet-form__submit-wrap\">\n\t\t<button class=\"jet-form__submit submit-type-ajax\" type=\"button\">Agendar Consulta<\/button>\n<\/div><\/div><\/div><input class=\"jet-form__field hidden-field\" type=\"hidden\" name=\"_jet_engine_nonce\" value=\"b8a8f6ad90\" data-field-name=\"_jet_engine_nonce\"><\/form><div class=\"jet-form-messages-wrap\" data-form-id=\"1940\"><\/div>\t\t\t\t<\/div>\n\t\t\t\t<\/div>\n\t\t\t\t<div class=\"elementor-element elementor-element-c930eec elementor-widget elementor-widget-html\" data-id=\"c930eec\" data-element_type=\"widget\" data-widget_type=\"html.default\">\n\t\t\t\t<div class=\"elementor-widget-container\">\n\t\t\t\t\t<a id=\"zl-url\" class=\"zl-url\" href=\"https:\/\/www.doctoralia.com.br\/maria-eugenia-pedro-romanella\/pneumologista\/ribeirao-preto\" rel=\"nofollow\" data-zlw-doctor=\"maria-eugenia-pedro-romanella\" data-zlw-type=\"big_with_calendar\" data-zlw-opinion=\"false\" data-zlw-hide-branding=\"true\" data-zlw-saas-only=\"false\">Maria Eug\u00eania Pedro Romanella - Doctoralia.com.br<\/a><script>!function($_x,_s,id){var js,fjs=$_x.getElementsByTagName(_s)[0];if(!$_x.getElementById(id)){js = $_x.createElement(_s);js.id = id;js.src = \"\/\/platform.docplanner.com\/js\/widget.js\";fjs.parentNode.insertBefore(js,fjs);}}(document,\"script\",\"zl-widget-s\");<\/script>\t\t\t\t<\/div>\n\t\t\t\t<\/div>\n\t\t\t\t\t<\/div>\n\t\t<\/div>\n\t\t\t\t\t<\/div>\n\t\t<\/section>\n\t\t\t\t<\/div>\n\t\t","protected":false},"excerpt":{"rendered":"<p>Nossa cl\u00ednica tem atendimento voltado ao bem estar e conforto dos nossos pacientes. Aqui n\u00f3s priorizamos o contato humanizado desde agendamento at\u00e9 a consulta m\u00e9dica. Al\u00e9m disso, temos a preocupa\u00e7\u00e3o em oferecer o que h\u00e1 de mais atualizado em medicina com constantes atualiza\u00e7\u00f5es em cursos e congressos. N\u00f3s contamos com uma sala de espera climatizada, [&hellip;]<\/p>\n","protected":false},"author":1,"featured_media":0,"parent":0,"menu_order":0,"comment_status":"closed","ping_status":"closed","template":"elementor_header_footer","meta":{"footnotes":""},"class_list":["post-1917","page","type-page","status-publish","hentry"],"yoast_head":"<!-- This site is optimized with the Yoast SEO plugin v26.1.1 - https:\/\/yoast.com\/wordpress\/plugins\/seo\/ -->\n<title>Agendamento - Cl\u00ednica Eze<\/title>\n<meta name=\"robots\" content=\"index, follow, max-snippet:-1, max-image-preview:large, max-video-preview:-1\" \/>\n<link rel=\"canonical\" href=\"https:\/\/clinicaeze.com.br\/paciente\/agendamento\/\" \/>\n<meta property=\"og:locale\" content=\"pt_BR\" \/>\n<meta property=\"og:type\" content=\"article\" \/>\n<meta property=\"og:title\" content=\"Agendamento - Cl\u00ednica Eze\" \/>\n<meta property=\"og:description\" content=\"Nossa cl\u00ednica tem atendimento voltado ao bem estar e conforto dos nossos pacientes. Aqui n\u00f3s priorizamos o contato humanizado desde agendamento at\u00e9 a consulta m\u00e9dica. Al\u00e9m disso, temos a preocupa\u00e7\u00e3o em oferecer o que h\u00e1 de mais atualizado em medicina com constantes atualiza\u00e7\u00f5es em cursos e congressos. N\u00f3s contamos com uma sala de espera climatizada, [&hellip;]\" \/>\n<meta property=\"og:url\" content=\"https:\/\/clinicaeze.com.br\/paciente\/agendamento\/\" \/>\n<meta property=\"og:site_name\" content=\"Cl\u00ednica Eze\" \/>\n<meta property=\"article:modified_time\" content=\"2023-10-31T10:50:25+00:00\" \/>\n<meta name=\"twitter:card\" content=\"summary_large_image\" \/>\n<meta name=\"twitter:label1\" content=\"Est. tempo de leitura\" \/>\n\t<meta name=\"twitter:data1\" content=\"1 minuto\" \/>\n<script type=\"application\/ld+json\" class=\"yoast-schema-graph\">{\"@context\":\"https:\/\/schema.org\",\"@graph\":[{\"@type\":\"WebPage\",\"@id\":\"https:\/\/clinicaeze.com.br\/paciente\/agendamento\/\",\"url\":\"https:\/\/clinicaeze.com.br\/paciente\/agendamento\/\",\"name\":\"Agendamento - Cl\u00ednica Eze\",\"isPartOf\":{\"@id\":\"https:\/\/clinicaeze.com.br\/paciente\/#website\"},\"datePublished\":\"2022-09-20T17:12:36+00:00\",\"dateModified\":\"2023-10-31T10:50:25+00:00\",\"breadcrumb\":{\"@id\":\"https:\/\/clinicaeze.com.br\/paciente\/agendamento\/#breadcrumb\"},\"inLanguage\":\"pt-BR\",\"potentialAction\":[{\"@type\":\"ReadAction\",\"target\":[\"https:\/\/clinicaeze.com.br\/paciente\/agendamento\/\"]}]},{\"@type\":\"BreadcrumbList\",\"@id\":\"https:\/\/clinicaeze.com.br\/paciente\/agendamento\/#breadcrumb\",\"itemListElement\":[{\"@type\":\"ListItem\",\"position\":1,\"name\":\"In\u00edcio\",\"item\":\"https:\/\/clinicaeze.com.br\/paciente\/\"},{\"@type\":\"ListItem\",\"position\":2,\"name\":\"Agendamento\"}]},{\"@type\":\"WebSite\",\"@id\":\"https:\/\/clinicaeze.com.br\/paciente\/#website\",\"url\":\"https:\/\/clinicaeze.com.br\/paciente\/\",\"name\":\"Cl\u00ednica Eze\",\"description\":\"Pacientes\",\"publisher\":{\"@id\":\"https:\/\/clinicaeze.com.br\/paciente\/#organization\"},\"potentialAction\":[{\"@type\":\"SearchAction\",\"target\":{\"@type\":\"EntryPoint\",\"urlTemplate\":\"https:\/\/clinicaeze.com.br\/paciente\/?s={search_term_string}\"},\"query-input\":{\"@type\":\"PropertyValueSpecification\",\"valueRequired\":true,\"valueName\":\"search_term_string\"}}],\"inLanguage\":\"pt-BR\"},{\"@type\":\"Organization\",\"@id\":\"https:\/\/clinicaeze.com.br\/paciente\/#organization\",\"name\":\"Cl\u00ednica Eze\",\"url\":\"https:\/\/clinicaeze.com.br\/paciente\/\",\"logo\":{\"@type\":\"ImageObject\",\"inLanguage\":\"pt-BR\",\"@id\":\"https:\/\/clinicaeze.com.br\/paciente\/#\/schema\/logo\/image\/\",\"url\":\"https:\/\/clinicaeze.com.br\/paciente\/wp-content\/uploads\/2022\/09\/logomarca.png\",\"contentUrl\":\"https:\/\/clinicaeze.com.br\/paciente\/wp-content\/uploads\/2022\/09\/logomarca.png\",\"width\":400,\"height\":219,\"caption\":\"Cl\u00ednica Eze\"},\"image\":{\"@id\":\"https:\/\/clinicaeze.com.br\/paciente\/#\/schema\/logo\/image\/\"}}]}<\/script>\n<!-- \/ Yoast SEO plugin. -->","yoast_head_json":{"title":"Agendamento - Cl\u00ednica Eze","robots":{"index":"index","follow":"follow","max-snippet":"max-snippet:-1","max-image-preview":"max-image-preview:large","max-video-preview":"max-video-preview:-1"},"canonical":"https:\/\/clinicaeze.com.br\/paciente\/agendamento\/","og_locale":"pt_BR","og_type":"article","og_title":"Agendamento - Cl\u00ednica Eze","og_description":"Nossa cl\u00ednica tem atendimento voltado ao bem estar e conforto dos nossos pacientes. Aqui n\u00f3s priorizamos o contato humanizado desde agendamento at\u00e9 a consulta m\u00e9dica. Al\u00e9m disso, temos a preocupa\u00e7\u00e3o em oferecer o que h\u00e1 de mais atualizado em medicina com constantes atualiza\u00e7\u00f5es em cursos e congressos. N\u00f3s contamos com uma sala de espera climatizada, [&hellip;]","og_url":"https:\/\/clinicaeze.com.br\/paciente\/agendamento\/","og_site_name":"Cl\u00ednica Eze","article_modified_time":"2023-10-31T10:50:25+00:00","twitter_card":"summary_large_image","twitter_misc":{"Est. tempo de leitura":"1 minuto"},"schema":{"@context":"https:\/\/schema.org","@graph":[{"@type":"WebPage","@id":"https:\/\/clinicaeze.com.br\/paciente\/agendamento\/","url":"https:\/\/clinicaeze.com.br\/paciente\/agendamento\/","name":"Agendamento - Cl\u00ednica Eze","isPartOf":{"@id":"https:\/\/clinicaeze.com.br\/paciente\/#website"},"datePublished":"2022-09-20T17:12:36+00:00","dateModified":"2023-10-31T10:50:25+00:00","breadcrumb":{"@id":"https:\/\/clinicaeze.com.br\/paciente\/agendamento\/#breadcrumb"},"inLanguage":"pt-BR","potentialAction":[{"@type":"ReadAction","target":["https:\/\/clinicaeze.com.br\/paciente\/agendamento\/"]}]},{"@type":"BreadcrumbList","@id":"https:\/\/clinicaeze.com.br\/paciente\/agendamento\/#breadcrumb","itemListElement":[{"@type":"ListItem","position":1,"name":"In\u00edcio","item":"https:\/\/clinicaeze.com.br\/paciente\/"},{"@type":"ListItem","position":2,"name":"Agendamento"}]},{"@type":"WebSite","@id":"https:\/\/clinicaeze.com.br\/paciente\/#website","url":"https:\/\/clinicaeze.com.br\/paciente\/","name":"Cl\u00ednica Eze","description":"Pacientes","publisher":{"@id":"https:\/\/clinicaeze.com.br\/paciente\/#organization"},"potentialAction":[{"@type":"SearchAction","target":{"@type":"EntryPoint","urlTemplate":"https:\/\/clinicaeze.com.br\/paciente\/?s={search_term_string}"},"query-input":{"@type":"PropertyValueSpecification","valueRequired":true,"valueName":"search_term_string"}}],"inLanguage":"pt-BR"},{"@type":"Organization","@id":"https:\/\/clinicaeze.com.br\/paciente\/#organization","name":"Cl\u00ednica Eze","url":"https:\/\/clinicaeze.com.br\/paciente\/","logo":{"@type":"ImageObject","inLanguage":"pt-BR","@id":"https:\/\/clinicaeze.com.br\/paciente\/#\/schema\/logo\/image\/","url":"https:\/\/clinicaeze.com.br\/paciente\/wp-content\/uploads\/2022\/09\/logomarca.png","contentUrl":"https:\/\/clinicaeze.com.br\/paciente\/wp-content\/uploads\/2022\/09\/logomarca.png","width":400,"height":219,"caption":"Cl\u00ednica Eze"},"image":{"@id":"https:\/\/clinicaeze.com.br\/paciente\/#\/schema\/logo\/image\/"}}]}},"_links":{"self":[{"href":"https:\/\/clinicaeze.com.br\/paciente\/wp-json\/wp\/v2\/pages\/1917","targetHints":{"allow":["GET"]}}],"collection":[{"href":"https:\/\/clinicaeze.com.br\/paciente\/wp-json\/wp\/v2\/pages"}],"about":[{"href":"https:\/\/clinicaeze.com.br\/paciente\/wp-json\/wp\/v2\/types\/page"}],"author":[{"embeddable":true,"href":"https:\/\/clinicaeze.com.br\/paciente\/wp-json\/wp\/v2\/users\/1"}],"replies":[{"embeddable":true,"href":"https:\/\/clinicaeze.com.br\/paciente\/wp-json\/wp\/v2\/comments?post=1917"}],"version-history":[{"count":52,"href":"https:\/\/clinicaeze.com.br\/paciente\/wp-json\/wp\/v2\/pages\/1917\/revisions"}],"predecessor-version":[{"id":2197,"href":"https:\/\/clinicaeze.com.br\/paciente\/wp-json\/wp\/v2\/pages\/1917\/revisions\/2197"}],"wp:attachment":[{"href":"https:\/\/clinicaeze.com.br\/paciente\/wp-json\/wp\/v2\/media?parent=1917"}],"curies":[{"name":"wp","href":"https:\/\/api.w.org\/{rel}","templated":true}]}}